 12.
12
Let c be (-6)/27 - (-114)/27. Let a = -413 + 425. Calculate the highest common divisor of a and c.
4
Suppose 8*a = 12 + 36. Suppose -a*v + 80 = -v. What is the greatest common factor of v and 4?
4
Suppose -5*f = -u + 3*u - 125, 3*f = -u + 62. Calculate the greatest common factor of 13 and u.
13
Let k be ((-22)/(-3) - (10 + -5))*12. What is the highest common divisor of k and 2828?
28
Let h be -2 - (-2*2 - -2). Let i be -4*(h - (-2 - -3)). Suppose 2*z + 2*g + 6 = 0, 5*z - 4 = i*g + 17. Calculate the greatest common factor of z and 5.
1
Suppose 5*y - 6*y + 5 = 0. Suppose 2*p + 204 = y*p - 3*l, -l = 2. What is the greatest common divisor of p and 22?
22
Let b = -112 - -174. Calculate the greatest common divisor of 496 and b.
62
Suppose -2*o - 3*c = 2*o - 11, 2*c = -2*o + 4. Suppose 0 = -l - 4*b + 317, 3*l + 614 = o*l + 4*b. What is the greatest common factor of l and 33?
33
Let s(j) = -j**3 + 9*j**2 - 2*j + 6. Let u be -2*(0 + 14/(-4)). Let o be s(u). What is the highest common factor of o and 10?
10
Let x(g) = 147*g**3 - 4*g**2 + 4*g. Let y be x(1). What is the highest common divisor of 3 and y?
3
Let t(w) be the third derivative of 0*w - 1/4*w**4 + 0 + w**2 + 5/3*w**3. Let f be t(-10). What is the greatest common factor of f and 10?
10
Suppose -5*f - f = 36. Let v be (28/f)/(2*3/(-45)). Calculate the highest common factor of v and 10.
5
Let y be 3393/39 - 33/(-3). Let n be 14/(-4)*(-3 + -1). Calculate the highest common factor of y and n.
14
Suppose -4*x + h = -89, -3*x + x = -3*h - 47. Calculate the highest common factor of x and 165.
11
Let a be 1289/9 - (-68)/(-306). Calculate the highest common divisor of 13 and a.
13
Suppose 0 = 4*o - o. Suppose 8*y - 12*y + 168 = o. Let h be (-2)/(-5) - 626/(-10). What is the highest common factor of y and h?
21
Let q(m) = -3*m + 12. Let f be q(12). Let l be ((-16)/12 - -1)*f. What is the greatest common factor of l and 24?
8
Let o(y) = -y**3 + 22*y**2 - 32*y - 118. Let a be o(20). Let z = 104 - -1. What is the greatest common factor of a and z?
21
Let p(i) = -80*i. Let j be p(-6). Suppose 4*v + v = j. Suppose -2*k + 6*k - v = 0. What is the highest common divisor of 8 and k?
8
Suppose 1241*c = 1243*c - 12. What is the highest common factor of 225 and c?
3
Let m(s) = 3*s**2 - 30*s - 26. Let i be m(13). Let h = i + -77. Calculate the greatest common divisor of 98 and h.
14
Let z = 81 + -12. What is the highest common divisor of 46 and z?
23
Suppose -j + 2 = 0, 2*v - 26 = 9*j - 4*j. Calculate the highest common divisor of 36 and v.
18
Let c = -35 - -32. Let f(y) = -2*y**3 - 3*y**2 + 5*y + 2. Let n be f(c). Calculate the greatest common factor of n and 112.
14
Suppose 1260 - 298 = 13*b. Calculate the greatest common factor of b and 2183.
37
Let p be ((-1 - 1)/(-2))/((-4)/(-88)). What is the highest common factor of 77 and p?
11
Suppose 0*m - 20 = -2*m. Suppose -3*w - 8*w = 2*w - 1170. Calculate the highest common factor of w and m.
10
Let u be ((-309)/2)/(6/(-4)). Let l = u - 35. What is the highest common factor of 17 and l?
17
Let d = 31 + -39. Let q be ((-41)/2 + 1)/(6/d). What is the greatest common divisor of q and 65?
13
Suppose 11*a - 19*a + 8 = 0. Let u be (-4 + 3)/(0 - a/11). Calculate the greatest common divisor of 99 and u.
11
Let q be 1 - (3 + -22)/1. Suppose -v + 2*o = -6*v + 49, -q = -v + 3*o. Calculate the greatest common divisor of v and 77.
11
Let a = -40 - -104. What is the highest common divisor of a and 80?
16
Let w(p) = p**3 - 8*p**2 + 18*p - 13. Let r be w(7). What is the greatest common divisor of 704 and r?
64
Suppose 0 = o - 0 + 4. Let y = o - -8. Suppose 66 - 22 = y*p. What is the highest common divisor of 55 and p?
11
Suppose g - 6 = -2*g. Suppose -g*j + 0*j = -18. Calculate the greatest common divisor of 9 and j.
9
Suppose 2*v + 9 = 3*k - 3*v, 21 = 3*k - v. Suppose -83*g - 9*g = -133 - 235. Calculate the greatest common divisor of g and k.
4
Let z = -43 - -127. Suppose -12*h + z = -5*h. What is the greatest common factor of 6 and h?
6
Suppose 0*z + 9*z = 108. Suppose -1 = -5*n + 19. Calculate the greatest common divisor of n and z.
4
Suppose f - 270 = -5*x, 0 = x - 4*f + 6*f - 45. What is the highest common divisor of 495 and x?
55
Let a = 6 - 4. Suppose -5*b + 5*d + 190 = 0, -449*b - 78 = -452*b - 3*d. What is the greatest common divisor of a and b?
2
Suppose 15 = 2*t - 13. Let m = -14 - -12. Let c = m - -4. Calculate the greatest common factor of c and t.
2
Suppose 3*s - 139 = -a - 0*s, -3*a - 2*s + 431 = 0. Calculate the greatest common factor of a and 5.
5
Suppose 0 = v + 9241 - 9657. What is the highest common factor of v and 32?
32
Let i = -2593 - -2635. What is the greatest common factor of i and 434?
14
Let b be 6/(36/(-6)) - -26. What is the highest common divisor of 5 and b?
5
Let a(t) = -2*t**2 - t - 9. Let f be a(-8). Let v = -7 - f. Let s be (-2)/5 - v/(-5). What is the greatest common divisor of 36 and s?
12
Let h(f) = 11*f + 1. Let c be h(4). Suppose 123 = -5*n - 2*k, -n - 5*k + 80 = -4*n. Let m = n + c. Calculate the highest common divisor of m and 10.
10
Suppose -5*g - 5 + 9 = 4*q, 0 = q - 3*g - 1. What is the greatest common divisor of q and 11?
1
Suppose -2*m = -3*i - 72, m - 43 = -0*m - 2*i. Calculate the greatest common divisor of m and 195.
39
Let h be -2 + (2 - 0 - -5). Suppose 34 = -4*i + 5*i. Suppose 5*z = 2*v + v + i, -z = -v - 8. What is the greatest common divisor of h and z?
5
Suppose -5*k = -30 - 5. Suppose 0 = 2*y + 4*c - 18, 2*c - 8 = -4*y + 4. Let a be (y - (-6 - 0))*1. Calculate the greatest common factor of k and a.
7
Let w = -2339 + 2357. Let u be (189/(-6))/(2/(-8)). Calculate the greatest common divisor of w and u.
18
Let x(h) = -h**3 - h**2 - 2*h + 82. Let u be x(0). Suppose 0 = 2*s - 4*s + u. Let o = -33 + s. Calculate the greatest common factor of o and 48.
8
Let s = -16 - -16. Suppose -2*z - z + t + 15 = s, -2*z = 2*t - 10. What is the greatest common factor of z and 10?
5
Suppose w - 294 = -x - 3*w, 3*x = -3*w + 882. Suppose -4*q + x = -46. Calculate the highest common divisor of q and 17.
17
Let s be 35*7/35*22. What is the highest common factor of 110 and s?
22
Suppose 3*j - 3*f - 474 = -0*j, j - 4*f = 158. Let i = -68 + j. Calculate the greatest common divisor of 30 and i.
30
Let s(x) = -x**2 - 31*x - 236. Let m be s(-14). Let a = -21 - -11. Let q = a + 28. What is the highest common factor of m and q?
2
Let i be 16/6*(-54)/(-8). Suppose -o + 208 = -5*v, 2*o - 218 = -4*v + 170. Calculate the highest common divisor of o and i.
18
Let v = 14 - 14. Suppose -5*z - 5 = v, 0*z - 5*z = -5*g + 65. Let r(b) = b**2 + 84. Let d be r(0). What is the greatest common factor of g and d?
12
Let y = 39 - 44. Let p(h) = -h - 2 - 4*h**3 - 6*h + 3*h**3 - 5*h**2. Let m be p(y). What is the highest common factor of m and 22?
11
Let c(u) = -51*u**3 + 2*u**2 + 2*u. Let i be c(-1). Calculate the highest common divisor of 867 and i.
51
Let f be (-30)/12*(-4)/10. Let m(l) = l**2 - l - 11. Let d be m(4). Calculate the greatest common factor of f and d.
1
Suppose 0 = 49*k - 105 - 336. Calculate the greatest common factor of k and 1476.
9
Let u(r) = 6*r + 20. Let n be u(-3). Let h be 4/(20/15) + 10 + n. Calculate the highest common factor of 105 and h.
15
Suppose -72 = -408*y + 402*y. What is the greatest common factor of y and 60?
12
Let w(q) = -q**3 - 15*q**2 - 9*q - 15. Let g be w(-15). Let v be 2*(2/(-4) - -1). Let a be (0 + 1 + 14)*v. What is the highest common divisor of a and g?
15
Suppose -778*t = -786*t + 624. Calculate the highest common divisor of t and 208.
26
Suppose -331 = -30*a - 31. What is the highest common factor of a and 1390?
10
Let b = 107 + -109. Let y(p) = 6*p**2 + 5*p + 7. Let o be y(b). What is the greatest common divisor of 147 and o?
21
Let l(x) = x**3 + 11*x**2 - 11*x - 14. Let t be l(-12). Let b = -6 - t. What is the highest common divisor of b and 40?
20
Let i = -857 + 893. Calculate the highest common factor of 8 and i.
4
Suppose g + g - 288 = 0. Let s be (3/(-9))/((-4)/g). Calculate the greatest common divisor of 120 and s.
12
Let q(j) = j**3 - 17*j**2 + 2*j + 293. Let v be q(17). What is the greatest common factor of v and 3?
3
Let k = -433 - -671. Calculate the greatest common divisor of 51 and k.
17
Suppose -2*g + 14